u**2 - 18*u - 4. Give h(-18).
-4
Let s(d) = -4*d**2 + 24*d + 5. Determine s(6).
5
Let v(n) = n**2 + 22*n + 27. Give v(-20).
-13
Let v(z) = -2*z**2 - 10*z - 2. Give v(-7).
-30
Let k(r) = -r**3 + 7*r**2 + 12*r - 11. Calculate k(8).
21
Let l(y) = -y**3 - 12*y**2 + 10*y + 111. What is l(-12)?
-9
Let r(z) = 2*z - 33. Calculate r(7).
-19
Let j(o) = 2*o**2 + 2. Give j(3).
20
Let r(z) = -7*z - 4. Give r(4).
-32
Let t(v) = -v**3 - 32*v**2 - 61*v - 27. Calculate t(-30).
3
Let l(f) = f**3 - 11*f**2 + 2*f - 33. What is l(11)?
-11
Let n(k) = 4*k + 3. Calculate n(-2).
-5
Let n(x) = -2*x**3 + 11*x**2 + 6*x - 23. Calculate n(6).
-23
Let c(j) = -j**3 - 7*j**2 - 7*j + 7. What is c(-6)?
13
Let b(t) = 4*t + 19. Give b(-4).
3
Let j(i) = -10*i - 33. Determine j(-7).
37
Let x(o) = o + 31. Give x(-34).
-3
Let b(p) = 11*p**3 - 77*p**2 + 2*p - 8. Give b(7).
6
Let z(a) = 28*a + 2. Give z(-2).
-54
Let f(d) = 3*d - 10. Calculate f(6).
8
Let p(g) = 14*g - 13. What is p(-2)?
-41
Let z(f) = 6*f - 20. Calculate z(7).
22
Let i(s) = -s**2 - 16*s - 22. Determine i(-16).
-22
Let b(p) = -p**2 - 16*p - 14. Give b(-15).
1
Let t(w) = 2*w - 6. Determine t(13).
20
Let d(s) = 32*s**2 + 31*s - 31. Calculate d(1).
32
Let t(f) = -f**3 + 7*f**2 + 7*f - 10. Determine t(8).
-18
Let i(l) = l**3 + 36*l**2 + l + 37. What is i(-36)?
1
Let v(z) = -z**2 - 2*z + 35. Calculate v(5).
0
Let h(f) = -f**2 + 7*f - 1. Give h(3).
11
Let a(z) = z - 22. Give a(32).
10
Let s(o) = -4*o**2 + 19*o - 1. What is s(2)?
21
Let z(s) = -7*s - 17. Give z(-5).
18
Let l(w) = 2*w - 12. What is l(11)?
10
Let i(j) = j**2 - 22*j + 8. Determine i(22).
8
Let j(c) = c**3 - 16*c**2 + 15*c - 2. Determine j(15).
-2
Let p(d) = -d**3 + 13*d**2 + 2*d - 15. What is p(13)?
11
Let v(b) = 4*b**2 - 9*b - 2. Give v(5).
53
Let g(f) = 3*f - 34. Calculate g(9).
-7
Let z(l) = l**2 + 11*l - 7. What is z(-9)?
-25
Let s(r) = r**3 - 7*r**2 + 13*r - 26. Determine s(5).
-11
Let g(u) = -u**2 + 30*u - 81. Calculate g(27).
0
Let o(s) = -5*s**2 + 4*s - 5. Give o(2).
-17
Let s(i) = -i**3 - i**2 - 2. Give s(0).
-2
Let u(j) = -35*j - 595. What is u(-17)?
0
Let s(u) = 10*u. Determine s(1).
10
Let n(g) = 22*g**2 + 2*g + 1. Determine n(-1).
21
Let b(m) = 2*m - 24. Give b(10).
-4
Let p(v) = v**2 - 9. Give p(3).
0
Let p(z) = z**2 - z + 1. Calculate p(-5).
31
Let u(g) = -160*g**2 - 2*g + 1. What is u(1)?
-161
Let w(k) = -16*k + 47. Give w(4).
-17
